
{"id":306,"date":"2025-06-08T18:56:05","date_gmt":"2025-06-08T16:56:05","guid":{"rendered":"https:\/\/violinejacquot.com\/?page_id=306"},"modified":"2025-10-08T18:41:04","modified_gmt":"2025-10-08T16:41:04","slug":"violine-jacquot","status":"publish","type":"page","link":"https:\/\/violinejacquot.com\/?page_id=306","title":{"rendered":"A propos"},"content":{"rendered":"<div class=\"wpb-content-wrapper\">[vc_row curly_padding=\u00a0\u00bbcontent-padding\u00a0\u00bb css=\u00a0\u00bb.vc_custom_1504195713546{padding-bottom: 0px !important;}\u00a0\u00bb][vc_column][vc_column_text css=\u00a0\u00bb\u00a0\u00bb]\n<h1 class=\"display-2 special-title\" style=\"text-align: center;\"><small>ARTISTE<\/small> Violine Jacquot<\/h1>\n[\/vc_column_text][vc_empty_space height=\u00a0\u00bb\u00a0\u00bb el_class=\u00a0\u00bbxtd-spacer\u00a0\u00bb][\/vc_column][vc_column width=\u00a0\u00bb1\/3&Prime;][vc_single_image image=\u00a0\u00bb674&Prime; img_size=\u00a0\u00bbfull\u00a0\u00bb style=\u00a0\u00bbxtd-shadow&#8211;normal-light\u00a0\u00bb css=\u00a0\u00bb\u00a0\u00bb el_class=\u00a0\u00bbxtd-offset-frame\u00a0\u00bb][vc_empty_space height=\u00a0\u00bb\u00a0\u00bb el_class=\u00a0\u00bbxtd-spacer\u00a0\u00bb][vc_column_text css=\u00a0\u00bb\u00a0\u00bb]\n<blockquote>\n<blockquote data-start=\"308\" data-end=\"358\">\n<p style=\"text-align: center;\" data-start=\"310\" data-end=\"358\"><em data-start=\"310\" data-end=\"358\">L\u00e0 o\u00f9 le ciel touche l\u2019eau, <\/em><em data-start=\"310\" data-end=\"358\">le temps ralentit.<\/em><\/p>\n<\/blockquote>\n<\/blockquote>\n[\/vc_column_text][\/vc_column][vc_column width=\u00a0\u00bb2\/3&Prime; offset=\u00a0\u00bbvc_col-lg-offset-1 vc_col-lg-7&Prime;][vc_column_text css=\u00a0\u00bb\u00a0\u00bb]Artiste autodidacte n\u00e9e en France, aujourd\u2019hui install\u00e9e en Suisse, au bord du lac L\u00e9man, c&rsquo;est dans cette r\u00e9gion que j\u2019ai trouv\u00e9 un v\u00e9ritable point d\u2019ancrage. Un lieu \u00e0 la fois vaste et apaisant, dont la lumi\u00e8re changeante, le silence, et les horizons ouverts nourrissent profond\u00e9ment mon travail.<\/p>\n<p>La peinture m\u2019accompagne depuis l\u2019enfance, comme une pr\u00e9sence discr\u00e8te mais constante. Au fil des ann\u00e9es, elle est devenue un espace int\u00e9rieur, une mani\u00e8re de poser un regard attentif sur le monde et de capter ce qui, souvent, \u00e9chappe aux mots. En 2024, j\u2019ai d\u00e9cid\u00e9 de me consacrer pleinement \u00e0 cette pratique, et de faire de la cr\u00e9ation le centre de ma vie quotidienne.[\/vc_column_text][vc_row_inner gap=\u00a0\u00bb35&Prime;][vc_column_inner width=\u00a0\u00bb1\/2&Prime;][vc_column_text css=\u00a0\u00bb\u00a0\u00bb]Mon travail est intimement li\u00e9 \u00e0 mon environnement. Je peins des espaces silencieux, inspir\u00e9s du dialogue entre le ciel et l\u2019eau, qui m\u2019\u00e9merveille chaque jour sur les rives du L\u00e9man.<\/p>\n<p><br data-start=\"1098\" data-end=\"1101\" \/>Mes toiles sont construites sur des fonds tr\u00e8s \u00e9pur\u00e9s, parfois presque vides, o\u00f9 viennent se poser de petits \u00e9l\u00e9ments tr\u00e8s d\u00e9taill\u00e9s : des oiseaux isol\u00e9s, des bateaux lointains, des formes fragiles qui semblent suspendues dans le temps.[\/vc_column_text][\/vc_column_inner][vc_column_inner width=\u00a0\u00bb1\/2&Prime;]<div class='xtd-carousel-mini__container  '><div class='xtd-carousel-mini'><div class='owl-carousel' data-autoplay='true' data-timeout='2000' data-hover='false' data-loop='false' data-dots='true'>[vc_single_image image=\u00a0\u00bb504&Prime; img_size=\u00a0\u00bbfull\u00a0\u00bb css=\u00a0\u00bb\u00a0\u00bb][vc_single_image image=\u00a0\u00bb466&Prime; img_size=\u00a0\u00bbfull\u00a0\u00bb css=\u00a0\u00bb\u00a0\u00bb]<\/div><\/div><\/div>[\/vc_column_inner][\/vc_row_inner][\/vc_column][\/vc_row][vc_row gap=\u00a0\u00bb35&Prime; content_placement=\u00a0\u00bbmiddle\u00a0\u00bb][vc_column width=\u00a0\u00bb2\/3&Prime;][vc_single_image image=\u00a0\u00bb435&Prime; img_size=\u00a0\u00bblarge\u00a0\u00bb alignment=\u00a0\u00bbcenter\u00a0\u00bb style=\u00a0\u00bbxtd-shadow&#8211;normal-normal\u00a0\u00bb css=\u00a0\u00bb\u00a0\u00bb][\/vc_column][vc_column width=\u00a0\u00bb1\/3&Prime; offset=\u00a0\u00bbvc_col-lg-offset-1 vc_col-lg-3&Prime;][vc_column_text css=\u00a0\u00bb\u00a0\u00bb]Ce contraste entre le minimalisme de l\u2019ensemble et la pr\u00e9cision du d\u00e9tail cr\u00e9er des ambiances calmes, contemplatives, laissant \u00e0 chacun la libert\u00e9 d\u2019y projeter sa propre histoire.<\/p>\n<p><br data-start=\"1537\" data-end=\"1540\" \/>Je cherche \u00e0 peindre des sensations, plus que des sc\u00e8nes. \u00c0 travers ces instants suspendus, j\u2019invite le regard \u00e0 ralentir, \u00e0 se poser, et \u00e0 ressentir.[\/vc_column_text][vc_empty_space][vc_column_text css=\u00a0\u00bb\u00a0\u00bb]\n<blockquote>\n<blockquote data-start=\"308\" data-end=\"358\">\n<p style=\"text-align: center;\" data-start=\"310\" data-end=\"358\">Une toile presque vide, o\u00f9 chaque d\u00e9tail devient un monde.<\/p>\n<\/blockquote>\n<\/blockquote>\n[\/vc_column_text][\/vc_column][\/vc_row][vc_row gap=\u00a0\u00bb35&Prime; content_placement=\u00a0\u00bbmiddle\u00a0\u00bb curly_padding=\u00a0\u00bbcontent-padding-lg\u00a0\u00bb css=\u00a0\u00bb.vc_custom_1504536626860{padding-top: 2rem !important;}\u00a0\u00bb][vc_column width=\u00a0\u00bb1\/3&Prime; offset=\u00a0\u00bbvc_col-lg-3&Prime;][vc_column_text css=\u00a0\u00bb\u00a0\u00bb]Ce site est une fen\u00eatre ouverte sur mon univers : un espace o\u00f9 je partage mes recherches, mes \u0153uvres, mes exp\u00e9rimentations.<\/p>\n<p><br data-start=\"1828\" data-end=\"1831\" \/>Merci de vous y arr\u00eater un instant, avec attention et curiosit\u00e9.[\/vc_column_text][vc_empty_space][vc_column_text css=\u00a0\u00bb\u00a0\u00bb]\n<blockquote>\n<blockquote data-start=\"308\" data-end=\"358\">\n<blockquote data-start=\"753\" data-end=\"830\">\n<p data-start=\"755\" data-end=\"830\"><em data-start=\"755\" data-end=\"830\">Un oiseau immobile, un bateau lointain&#8230; et le silence devient pr\u00e9sence.<\/em><\/p>\n<\/blockquote>\n<\/blockquote>\n<\/blockquote>\n[\/vc_column_text][\/vc_column][vc_column width=\u00a0\u00bb2\/3&Prime; offset=\u00a0\u00bbvc_col-lg-offset-1&Prime;][vc_single_image image=\u00a0\u00bb517&Prime; img_size=\u00a0\u00bbfull\u00a0\u00bb alignment=\u00a0\u00bbcenter\u00a0\u00bb style=\u00a0\u00bbxtd-shadow&#8211;normal-normal\u00a0\u00bb css=\u00a0\u00bb\u00a0\u00bb][\/vc_column][\/vc_row]\n<\/div>","protected":false},"excerpt":{"rendered":"<p>[vc_row curly_padding=\u00a0\u00bbcontent-padding\u00a0\u00bb css=\u00a0\u00bb.vc_custom_1504195713546{padding-bottom: 0px !important;}\u00a0\u00bb][vc_column][vc_column_text css=\u00a0\u00bb\u00a0\u00bb] ARTISTE Violine Jacquot [\/vc_column_text][vc_empty_space height=\u00a0\u00bb\u00a0\u00bb el_class=\u00a0\u00bbxtd-spacer\u00a0\u00bb][\/vc_column][vc_column width=\u00a0\u00bb1\/3&Prime;][vc_single_image image=\u00a0\u00bb674&Prime; img_size=\u00a0\u00bbfull\u00a0\u00bb style=\u00a0\u00bbxtd-shadow&#8211;normal-light\u00a0\u00bb css=\u00a0\u00bb\u00a0\u00bb el_class=\u00a0\u00bbxtd-offset-frame\u00a0\u00bb][vc_empty_space height=\u00a0\u00bb\u00a0\u00bb el_class=\u00a0\u00bbxtd-spacer\u00a0\u00bb][vc_column_text css=\u00a0\u00bb\u00a0\u00bb] L\u00e0 o\u00f9 le ciel touche l\u2019eau, le temps ralentit. [\/vc_column_text][\/vc_column][vc_column width=\u00a0\u00bb2\/3&Prime; offset=\u00a0\u00bbvc_col-lg-offset-1 vc_col-lg-7&Prime;][vc_column_text css=\u00a0\u00bb\u00a0\u00bb]Artiste autodidacte n\u00e9e en France, aujourd\u2019hui install\u00e9e en Suisse, au bord du lac L\u00e9man, c&rsquo;est dans cette r\u00e9gion que j\u2019ai trouv\u00e9 un v\u00e9ritable point d\u2019ancrage. Un [&hellip;]<\/p>\n","protected":false},"author":2,"featured_media":0,"parent":0,"menu_order":0,"comment_status":"closed","ping_status":"closed","template":"","meta":{"footnotes":""},"class_list":["post-306","page","type-page","status-publish","hentry"],"_links":{"self":[{"href":"https:\/\/violinejacquot.com\/index.php?rest_route=\/wp\/v2\/pages\/306","targetHints":{"allow":["GET"]}}],"collection":[{"href":"https:\/\/violinejacquot.com\/index.php?rest_route=\/wp\/v2\/pages"}],"about":[{"href":"https:\/\/violinejacquot.com\/index.php?rest_route=\/wp\/v2\/types\/page"}],"author":[{"embeddable":true,"href":"https:\/\/violinejacquot.com\/index.php?rest_route=\/wp\/v2\/users\/2"}],"replies":[{"embeddable":true,"href":"https:\/\/violinejacquot.com\/index.php?rest_route=%2Fwp%2Fv2%2Fcomments&post=306"}],"version-history":[{"count":21,"href":"https:\/\/violinejacquot.com\/index.php?rest_route=\/wp\/v2\/pages\/306\/revisions"}],"predecessor-version":[{"id":910,"href":"https:\/\/violinejacquot.com\/index.php?rest_route=\/wp\/v2\/pages\/306\/revisions\/910"}],"wp:attachment":[{"href":"https:\/\/violinejacquot.com\/index.php?rest_route=%2Fwp%2Fv2%2Fmedia&parent=306"}],"curies":[{"name":"wp","href":"https:\/\/api.w.org\/{rel}","templated":true}]}}