
{"id":600,"date":"2025-08-25T17:51:35","date_gmt":"2025-08-25T15:51:35","guid":{"rendered":"https:\/\/violinejacquot.com\/?post_type=product&#038;p=600"},"modified":"2025-11-07T11:36:57","modified_gmt":"2025-11-07T10:36:57","slug":"voyage","status":"publish","type":"product","link":"https:\/\/violinejacquot.com\/?product=voyage","title":{"rendered":"Voyage"},"content":{"rendered":"<p data-start=\"508\" data-end=\"726\">Cette \u0153uvre originale sur papier, r\u00e9alis\u00e9e en 2025, explore les nuances subtiles de la couleur et la finesse du geste, offrant une pr\u00e9sence intime et d\u00e9licate qui invite le spectateur \u00e0 une contemplation silencieuse.<\/p>\n<p data-start=\"728\" data-end=\"1044\">Chaque pi\u00e8ce est unique et sign\u00e9e par l\u2019artiste. Le papier utilis\u00e9 est de haute qualit\u00e9, garantissant la durabilit\u00e9 et la beaut\u00e9 des couleurs au fil du temps. Ce format compact se pr\u00eate aussi bien \u00e0 une collection personnelle qu\u2019\u00e0 une exposition sur un mur minimaliste, seul ou en composition avec d\u2019autres \u0153uvres.<\/p>\n","protected":false},"excerpt":{"rendered":"<p class=\"cvGsUA direction-ltr align-start para-style-body\">Sous un ciel gris et voil\u00e9, une vague se dresse, lumineuse, comme une \u00e9clatante respiration. Dans son mouvement abstrait, elle porte l\u2019espoir d\u2019un horizon nouveau.<\/p>\n","protected":false},"featured_media":605,"template":"","meta":[],"product_brand":[],"product_cat":[74],"product_tag":[73,72],"class_list":{"0":"post-600","1":"product","2":"type-product","3":"status-publish","4":"has-post-thumbnail","6":"product_cat-petits-formats","7":"product_tag-art","8":"product_tag-peinture","10":"first","11":"instock","12":"sold-individually","13":"shipping-taxable","14":"purchasable","15":"product-type-variable"},"_links":{"self":[{"href":"https:\/\/violinejacquot.com\/index.php?rest_route=\/wp\/v2\/product\/600","targetHints":{"allow":["GET"]}}],"collection":[{"href":"https:\/\/violinejacquot.com\/index.php?rest_route=\/wp\/v2\/product"}],"about":[{"href":"https:\/\/violinejacquot.com\/index.php?rest_route=\/wp\/v2\/types\/product"}],"wp:featuredmedia":[{"embeddable":true,"href":"https:\/\/violinejacquot.com\/index.php?rest_route=\/wp\/v2\/media\/605"}],"wp:attachment":[{"href":"https:\/\/violinejacquot.com\/index.php?rest_route=%2Fwp%2Fv2%2Fmedia&parent=600"}],"wp:term":[{"taxonomy":"product_brand","embeddable":true,"href":"https:\/\/violinejacquot.com\/index.php?rest_route=%2Fwp%2Fv2%2Fproduct_brand&post=600"},{"taxonomy":"product_cat","embeddable":true,"href":"https:\/\/violinejacquot.com\/index.php?rest_route=%2Fwp%2Fv2%2Fproduct_cat&post=600"},{"taxonomy":"product_tag","embeddable":true,"href":"https:\/\/violinejacquot.com\/index.php?rest_route=%2Fwp%2Fv2%2Fproduct_tag&post=600"}],"curies":[{"name":"wp","href":"https:\/\/api.w.org\/{rel}","templated":true}]}}